ivided by 2345.
49
What is the remainder when 4184 is divided by 209?
4
Calculate the remainder when 43091 is divided by 21486.
119
Calculate the remainder when 2222 is divided by 1129.
1093
What is the remainder when 47014 is divided by 47?
14
Calculate the remainder when 14560 is divided by 2401.
154
What is the remainder when 38283 is divided by 491?
476
Calculate the remainder when 872 is divided by 67.
1
What is the remainder when 5918766 is divided by 911?
910
Calculate the remainder when 166022 is divided by 725.
722
What is the remainder when 3761470 is divided by 26?
24
Calculate the remainder when 48949 is divided by 22.
21
Calculate the remainder when 9798 is divided by 200.
198
Calculate the remainder when 27078 is divided by 52.
38
Calculate the remainder when 1174 is divided by 347.
133
Calculate the remainder when 2065 is divided by 165.
85
Calculate the remainder when 33115 is divided by 183.
175
What is the remainder when 93977 is divided by 207?
206
What is the remainder when 12131 is divided by 403?
41
Calculate the remainder when 5331 is divided by 939.
636
Calculate the remainder when 13657 is divided by 6668.
321
Calculate the remainder when 51220 is divided by 86.
50
What is the remainder when 29756 is divided by 192?
188
What is the remainder when 27094 is divided by 20?
14
What is the remainder when 2944 is divided by 2439?
505
What is the remainder when 25799 is divided by 9?
5
Calculate the remainder when 2223 is divided by 1054.
115
What is the remainder when 605 is divided by 150?
5
Calculate the remainder when 10214 is divided by 752.
438
Calculate the remainder when 167998 is divided by 13.
12
Calculate the remainder when 21166 is divided by 21158.
8
Calculate the remainder when 3487 is divided by 55.
22
Calculate the remainder when 43816 is divided by 252.
220
What is the remainder when 7808 is divided by 61?
0
Calculate the remainder when 6118 is divided by 415.
308
Calculate the remainder when 10285 is divided by 15.
10
Calculate the remainder when 154652 is divided by 8139.
11
What is the remainder when 12124 is divided by 403?
34
Calculate the remainder when 40602 is divided by 474.
312
Calculate the remainder when 222141 is divided by 64.
61
What is the remainder when 8314 is divided by 462?
460
What is the remainder when 2361 is divided by 778?
27
What is the remainder when 879 is divided by 87?
9
Calculate the remainder when 677 is divided by 144.
101
Calculate the remainder when 13045 is divided by 133.
11
What is the remainder when 2800 is divided by 235?
215
What is the remainder when 21613 is divided by 55?
53
Calculate the remainder when 23323 is divided by 8.
3
What is the remainder when 1488657 is divided by 43?
40
Calculate the remainder when 7562 is divided by 1841.
198
What is the remainder when 1711 is divided by 567?
10
What is the remainder when 133294 is divided by 1058?
1044
Calculate the remainder when 123127 is divided by 2414.
13
Calculate the remainder when 3469 is divided by 654.
199
Calculate the remainder when 29323 is divided by 83.
24
Calculate the remainder when 12738 is divided by 5872.
994
What is the remainder when 31204 is divided by 7?
5
What is the remainder when 38313 is divided by 38278?
35
What is the remainder when 30611 is divided by 30605?
6
What is the remainder when 15912 is divided by 1223?
13
Calculate the remainder when 5346327 is divided by 165.
162
Calculate the remainder when 9520 is divided by 1997.
1532
What is the remainder when 9370 is divided by 1874?
0
Calculate the remainder when 2082062 is divided by 99.
92
What is the remainder when 31846 is divided by 12?
10
What is the remainder when 6442631 is divided by 378?
377
What is the remainder when 1087287 is divided by 16474?
3
Calculate the remainder when 4502 is divided by 443.
72
What is the remainder when 3667 is divided by 7?
6
Calculate the remainder when 41390 is divided by 4.
2
Calculate the remainder when 58992 is divided by 27.
24
Calculate the remainder when 190573 is divided by 11.
9
Calculate the remainder when 1176811 is divided by 106.
105
Calculate the remainder when 444 is divided by 19.
7
What is the remainder when 5823 is divided by 492?
411
Calculate the remainder when 905 is divided by 296.
17
What is the remainder when 1704 is divided by 182?
66
Calculate the remainder when 18073 is divided by 53.
0
Calculate the remainder when 1072504 is divided by 49.
41
Calculate the remainder when 3052 is divided by 156.
88
What is the remainder when 724 is divided by 142?
14
Calculate the remainder when 4022 is divided by 17.
10
What is the remainder when 1450509 is divided by 47?
42
What is the remainder when 4119 is divided by 132?
27
Calculate the remainder when 26077 is divided by 26031.
46
Calculate the remainder when 36961 is divided by 12284.
109
What is the remainder when 12707 is divided by 6340?
27
Calculate the remainder when 3292 is divided by 1085.
37
Calculate the remainder when 48206 is divided by 2295.
11
What is the remainder when 52885 is divided by 468?
1
What is the remainder when 54936 is divided by 23?
12
Calculate the remainder when 154022 is divided by 181.
172
Calculate the remainder when 1705 is divided by 1640.
65
What is the remainder when 530801 is divided by 58974?
35
Calculate the remainder when 90479 is divided by 18.
11
Calculate the remainder when 165374 is divided by 82682.
10
Calculate the remainder when 428 is divided by 37.
21
Calculate the remainder when 194848 is divided by 271.
270
Calculate the remainder when 4803 is divided by 957.
18
What is the remainder when 10413 is divided by 252?
81
Calculate the remainder when 248847 is divided by 630.
627
What is the remainder when 1517 is divided by 140?
117
What is the remainder when 764 is divided by 19?
4
What is the remainder when 602387 is divided by 17717?
9
What is the remainder when 2761 is divided by 29?
6
What is the remainder when 133104 is divided by 54?
48
What is the remainder when 11476 is divided by 1327?
860
Calculate the remainder when 1893 is divided by 99.
12
Calculate the remainder when 51251 is divided by 50927.
324
What is the remainder when 922 is divided by 330?
262
Calculate the remainder when 8897 is divided by 187.
108
Calculate the remainder when 574 is divided by 226.
122
Calculate the remainder when 1422 is divided by 287.
274
What is the remainder when 5232 is divided by 170?
132
Calculate the remainder when 1320062 is divided by 440020.
2
Calculate the remainder when 403371 is divided by 875.
871
What is the remainder when 6584 is divided by 3?
2
Calculate the remainder when 1029 is divided by 203.
14
What is the remainder when 591 is divided by 98?
3
Calculate the remainder when 94047 is divided by 230.
207
Calculate the remainder when 1338370 is divided by 94.
92
What is the remainder when 593772 is divided by 61?
59
What is the remainder when 1190 is divided by 584?
22
Calculate the remainder when 1558 is divided by 7.
4
Calculate the remainder when 1735547 is divided by 128.
123
What is the remainder when 159769 is divided by 65?
64
What is the remainder when 4823 is divided by 599?
31
Calculate the remainder when 270864 is divided by 16928.
16
Calculate the remainder when 19464 is divided by 3891.
9
What is the remainder when 16029 is divided by 162?
153
What is the remainder when 87979 is divided by 1355?
1259
What is the remainder when 45912 is divided by 22?
20
What is the remainder when 10080 is divided by 5031?
18
What is the remainder when 911 is divided by 41?
9
Calculate the remainder when 429728 is divided by 213.
107
Calculate the remainder when 2288 is divided by 38.
8
What is the remainder when 95234 is divided by 39?
35
Calculate the remainder when 2708 is divided by 386.
6
Calculate the remainder when 45254 is divided by 431.
430
Calculate the remainder when 2550 is divided by 524.
454
Calculate the remainder when 459 is divided by 87.
24
Calculate the remainder when 359228 is divided by 16.
12
What is the remainder when 850657 is divided by 212660?
17
Calculate the remainder when 140871 is divided by 4402.
7
What is the remainder when 117 is divided by 67?
50
Calculate the remainder when 10795 is divided by 8.
3
What is the remainder when 16307 is divided 